c(46). Let i(h) = -h**2 - h + 1. Let m(g) = -2*g**2 - 11*g + 4. Let d(t) = -3*i(t) + m(t). Calculate d(z).
-6
Suppose 3*l - 2*p - 4 = 0, 4*l = 4*p + 2 + 6. Let w(k) = 8*k**3 - k**2 - k - 3. Let j be w(2). Let b(g) = -g + 59 - j + l*g. Determine b(3).
1
Let i(v) = -38*v - 178 + 188 - 43*v - 39*v + 121*v. Let t = -20 + 14. Determine i(t).
4
Let n(q) be the second derivative of -2*q**3/3 - 45*q**2 - q. Let b be n(-22). Let h(v) = -3*v - 3. Determine h(b).
3
Let c(s) be the first derivative of -s**7/840 - s**6/45 - s**5/20 + 3*s**4/8 - 61*s**3/3 - 10. Let p(u) be the third derivative of c(u). What is p(-7)?
2
Let c(k) = -564257 + 564259 + 19*k - k**2 - 18*k. Suppose 0 = -0*o + o. What is c(o)?
2
Let f(l) = -l + 5. Suppose -284*h + 286*h - 98 = 0. Let m be (8 - h/7)/(2/16). Calculate f(m).
-3
Let n = -276 - -318. Let d(w) = -83*w + n*w + 7 + 42*w. What is d(-5)?
2
Let j(s) be the second derivative of -s**4/12 + s**3/2 + 2*s**2 - 3333*s. Give j(2).
6
Suppose -3*g = 5*b - 56, -4*b - 4*g = -17 - 23. Let f = 17 - b. Let v be (9/f)/(3/(-12)). Let q(w) = w**3 + 9*w**2 - 12. Calculate q(v).
-12
Let c(h) = -29*h**2 - 33*h + 18. Let n(p) = -87*p**2 - 87*p + 49. Let z(a) = 8*c(a) - 3*n(a). Calculate z(-1).
29
Let n(y) be the first derivative of y**3 + 33*y**2/2 - 24*y - 10276. Calculate n(-12).
12
Let a(q) = -q**2 + 3*q. Suppose 0 = 3*f - 5 + 2, 6 = 5*d - 4*f. Suppose -5*v + 6 = d*w - 0, 6 = -v + 2*w. Let l be 1 - (v - (4 - 1)). Determine a(l).
-4
Suppose -5493*d + 48 = -5485*d. Let y(j) = j**3 - 8*j**2 + 7*j + 24. Calculate y(d).
-6
Suppose -2*w = w + 9. Let m(d) = 13*d + 10*d**2 - 14*d**2 + 5 + 11*d**2. Let c(x) = 3*x**2 + 6*x + 2. Let q(a) = -5*c(a) + 2*m(a). Give q(w).
3
Let w(i) be the third derivative of -113*i**4/12 - 223*i**3/3 + 2817*i**2. Give w(-2).
6
Let c(h) = -14 + 5*h + 7 + 5 + 4 + 0. Calculate c(-11).
-53
Let g(r) = 3*r. Let h(k) = -5*k - 3. Let l(f) = 5*g(f) + 2*h(f). Suppose 4*z - 5 = -2*m + 7, m = -z + 5. Give l(m).
14
Let d(o) be the second derivative of 7*o**3/6 + o**2/2 - 22*o - 3. Give d(5).
36
Suppose -5*d = -20, m + 5*d + 0*d = -63. Let o = m - -86. Let h(y) = -6*y + 17*y**2 + 7*y**3 - 10*y**2 - 6*y**o + 9. Determine h(-8).
-7
Let p(n) = -1882*n - 51. Let r be p(-4). Let y(g) = 14*g - 5*g + g**2 + 7476 - r. Determine y(-7).
-15
Suppose 0 = -167*l + 163*l + 64. Suppose -3*f - l*v = -19*v + 33, f - 4*v = -20. Let g(x) = x**2 + 7*x - 10. Determine g(f).
-2
Let a(x) = -x + 41 - 95 - 2*x + 55. What is a(11)?
-32
Suppose 0 = 5*w + 2*a + 20, w + 2*a - 3 = -15. Let p be 5 + w + -2 + -3 + 6. Let u(n) = 14*n - 11*n - p*n - 5. What is u(-8)?
3
Let y be (-2)/(-1 - 13/(-12)). Let b be (8/y*-3)/((-2)/20). Let m(s) = s**3 + 10*s**2 - 6. Determine m(b).
-6
Let o be 2/(-2)*4 - (-105 - -110). Let r(z) = -z**2 - 10*z + 16. Determine r(o).
25
Let x(l) = l**3 - 15*l**2 + 11*l - 18. Suppose -5*u + 249 = 179. What is x(u)?
-60
Let q(s) = 7*s**3 - 10*s**2 + 15*s - 15. Let c(t) be the first derivative of 3*t**4/4 + t**3/3 + t**2/2 - t - 36. Let p(y) = 2*c(y) - q(y). Calculate p(11).
-9
Let w(y) = y**2 + 8*y - 26. Let p = -21446 + 21449. What is w(p)?
7
Let z(t) be the third derivative of t**4/4 + 13*t**3/6 + 2*t**2 - 629. What is z(-1)?
7
Let t(o) = -o**2 + 7. Let n = 36 + -21. Let h = -18 + n. What is t(h)?
-2
Let m(f) = -f + 5. Let z = -38 - -56. Suppose 0 = -4*i + z - 26. Let u be 0/i*6/12. Determine m(u).
5
Let a be (-81)/9 + 1 - -9. Let u(p) = 8*p + a - 14 + 15 - 9*p. Suppose -y - 16 = -2*y + 5*j, 31 = -4*y + j. Determine u(y).
11
Let x(u) = -12*u**3. Let l be (0/(-2))/(-1 - 2). Suppose -o - 3*r - 10 = l, 2*o + 8 = 2*r - 4*r. Give x(o).
12
Let v = 159 + -162. Let q(g) = -7 + 10*g**2 - 1 - 7 + 2*g - 9*g**2 + 13. Calculate q(v).
1
Let b = -9 - -14. Suppose -5*f - 273 = -18*f. Let p(n) = b*n**2 - 3 - 26*n - 2 + f*n + n**3. Calculate p(-6).
-11
Let v be (21/(-28))/(6/(-32)). Let k(w) = 11 + 18 - 25 - w**2 - v*w. What is k(1)?
-1
Let p = -2772 + 2776. Let w(j) = -2*j. Let x be w(-4). Let t(z) = -3*z**2 + 5 + 2*z**2 + x*z - 5*z. Determine t(p).
1
Let c(a) be the first derivative of 5*a + a**2 + 1/3*a**3 - 146. Determine c(-3).
8
Let x be (9 + -6)*10/(-15). Let g(q) = -q**2 + 15*q + 28. Give g(x).
-6
Let l(f) = -3*f**2 + 5*f + 6. Let n(q) = q**2 - q. Let i(r) = -l(r) - 2*n(r). Let d(g) = 60*g**3 - g**2 - g + 1. Let w be d(1). Let v = 64 - w. Calculate i(v).
4
Let q(k) be the second derivative of -25*k**3/6 - 4*k**2 + 2839*k. What is q(0)?
-8
Suppose 33 = -26*n + 24*n + 5*i, -i + 5 = 0. Let u(y) = -1 + 0 + 0 - y - 1. Give u(n).
2
Let t(l) = -2*l**2 - 1. Let o(k) = 5*k**2 + 2*k**2 - 3 + 0*k + 6 + 8*k**2 + k. Let b(a) = o(a) + 5*t(a). Determine b(1).
4
Let f(c) be the third derivative of -62 - 3*c**2 + 0*c + 1/24*c**4 - 1/3*c**3. Give f(0).
-2
Suppose -12 = -g + 3*y, -4*g + y + 2 + 2 = 0. Suppose -z = 1 + 35. Let a be z/(-108)*(g - 9*1). Let q(r) = r**3 + 7*r**2 + 3*r - 3. Calculate q(a).
24
Let a(q) = 10*q**2 + q - 3. Let o be (-3 - (319/(-33) + 7))*-9. What is a(o)?
90
Let k(o) = o + 12. Suppose -13*s + 66*s + 795 = 0. Give k(s).
-3
Let s(w) = 2*w. Let r(z) = -z. Let m(q) = -41*q**2 - 3*q + 2. Let x be m(1). Let j be 2*10*21/x. Let o(i) = j*r(i) - 4*s(i). What is o(-3)?
-6
Let o = 12 + -7. Let d(r) = -2 - 12 - 4 + r**3 - 3 - 2*r**2 - 2*r**2 - 6*r + 26. Give d(o).
0
Suppose 131*a - 121*a = -40. Let r(h) = 3*h - 55. Let w(j) = j - 19. Let z(n) = a*r(n) + 11*w(n). Give z(7).
4
Let y(t) = -15 + 9 + 5. Let u(c) = c - 7. Let v(p) = -u(p) - 4*y(p). Suppose l + 194*h - 199*h = 30, -4*l + 5*h + 60 = 0. Give v(l).
1
Let m(a) = a**3 - 2*a**2 - a - 1. Let y = -99 - -101. Suppose -y*x + 8 = -4*x, 0 = 3*t + 5*x + 26. Give m(t).
-15
Let h(j) = -j**2 - 17*j - 27. Let y be (-2)/(-44)*-326 + 8 + 720/(-88). Give h(y).
3
Let l(d) = 54 - 2 - 20 - 20 + 6*d - d**2 - 16. Suppose 0 = 3*q + 7 - 25. Determine l(q).
-4
Let c(w) = -w**2 - 8. Suppose -4*f - 16 = 0, -2*v + 2*f = 7*f + 10. Suppose v - 17 = -4*j. Suppose j*o - h - 2 = 0, -3*h - 2 = -3*o + 4. Calculate c(o).
-8
Let w be 9/(-6)*2*(17 + -20). Let d(j) = -j**3 + 6*j**2 + 15*j + 16. Calculate d(w).
-92
Suppose -5 - 11 = 8*r. Let x be ((-5)/20)/(r/24). Let n(v) be the third derivative of -v**5/30 + 5*v**4/24 - v**3/3 + 5*v**2. Give n(x).
-5
Let v(j) = -j. Let k be (11*(-9)/(-99))/(-1). Calculate v(k).
1
Suppose -3*n + 10 = 2*n. Let j(h) = 21*h**3 + 7*h**2 - 5. Let x(a) = 1 - 4*a**3 - 3*a**2 - 2*a**3 + 1 - 5*a**3. Let c(o) = n*j(o) + 5*x(o). What is c(1)?
-14
Let h(b) be the third derivative of -b**6/120 + b**5/6 + 19*b**4/12 + 17*b**3/6 - 754*b**2 + 2. Determine h(13).
4
Let h be (3/(-12))/(46/(-368)). Let k(w) be the first derivative of 1/4*w**4 + 5 + 4/3*w**3 + 4*w - 3/2*w**h. Determine k(-5).
-6
Let c(s) = 4*s + 2. Let d(a) = 138 - a + 139 - 276. Let v(g) = -c(g) + d(g). What is v(2)?
-11
Let h(i) = 7*i**2 - 37*i + 97. Let d(n) = -10*n**2 + 56*n - 146. Let a(k) = 5*d(k) + 7*h(k). Calculate a(18).
3
Let n(p) = -10*p + 32. Let f be n(3). Let q(v) = -7*v + v**2 - 21 + 2*v**f + 2*v + 25. What is q(3)?
16
Let d(h) = 28*h - 138. Let c be d(5). Let i(g) = -17*g**3 - 6*g + 6*g + 2*g**c - 4 - 3*g**2 + 18*g**3. Calculate i(0).
-4
Let v(x) = -x**3 + 4*x**2 + 6*x - 9. Let h = 3441 - 3436. Calculate v(h).
-4
Let b = -3849 + 3853. Let r(i) be the second derivative of 0 - 5/3*i**3 + 6*i**2 + 1/12*i**b - 8*i. Calculate r(9).
3
Suppose -2*v + 10*v + 1512 = 0. Let b = v + 192. Let u(n) = -2*n - 3. Give u(b).
-9
Let t(a) = -a**3 + 3*a**2 - 2*a - 2. Let f(j) = -4*j + 3*j**2 - 12*j + 2*j + 12 - 3*j. Let w be f(5). What is t(w)?
-2
Let j(m) = 24931 - 3*m**2 - 12467 - 12468 + 4*m - 3*m**3. Determine j(2).
-32
Suppose 2*b = 4*o + 64, -39*b + 6*o - 30 = -43*b. Let v(y) = -2*y**2 + 37*y - 19. Determine v(b).
-1
Let d(z) = z + 1. Suppose -30 = 8*l - 9*l. Suppose 0 = -2*y - y + l. Suppose 2*r = -t + 8, -r - t + 2*t = -y. Calculate d(r).
7
Let j(c) = c - 6. Let l(b) = b**3 - 33*b**2 + 32*b + 6. Let f be l(32). Let t(d) = 2*d - 11. Let y(i) = f*t(i) - 11*j(i). Determine y(6).
6
Let y(a) = -2*a**3 - 114*a**2 - 112*a + 37. Let d be y(-56). Let t(s) = -s**3 + 36*s**2 + 36*s + 44. Calculate t(d).
7
Let u(y) = -y**2 - 13*y + 4. Suppose 0 = -5*p - 15, -2*c - c - 36 = -p. Let z be u(c). Let n(q) = -3*q - 1. Determine n(z).
-13
Let l(k) = -k**2 + 10*k + 63. Supp